{"id":562,"date":"2021-10-26T12:24:41","date_gmt":"2021-10-26T15:24:41","guid":{"rendered":"https:\/\/ojalvosa.com.ar\/web\/?post_type=product&#038;p=562"},"modified":"2021-11-04T15:22:55","modified_gmt":"2021-11-04T18:22:55","slug":"estufa-inter-uif343-uif464-uif575-uif797","status":"publish","type":"product","link":"https:\/\/ojalvosa.com.ar\/web\/product\/estufa-inter-uif343-uif464-uif575-uif797\/","title":{"rendered":"Estufa INTER &#8211; UIF343\/UIF464\/UIF575\/UIF797"},"content":{"rendered":"<table border=\"0\" width=\"100%\" cellpadding=\"0\">\n<tbody>\n<tr>\n<th scope=\"col\" align=\"left\" width=\"60%\">\n<h3><strong>Estufa INTER &#8211; UIF343\/UIF464\/UIF575\/UIF797<\/strong><\/h3>\n<\/th>\n<th scope=\"col\" align=\"left\" width=\"40%\"><a rel=\"noopener noreferrer\" href=\"https:\/\/ojalvosa.com.ar\/web\/wp-content\/uploads\/2021\/11\/ESTUFA-UNIVERSAL-Aire-Forzado-MODELO-INTER.pdf\" target=\"_blank\" class=\"button secondary is-secondary is-medium\"  >\n    <span>Descargar Cat\u00e1logo<\/span>\n  <\/a>\n<\/th>\n<\/tr>\n<\/tbody>\n<\/table>\n<p><strong>Aplicaciones<\/strong><\/p>\n<p>Uso universal, especialmente indicados para secado y ensayo de todo tipo de materiales, cultivos, bacteriolog\u00eda, ensayos de germinaci\u00f3n y poder germinativo en semillas, esterilizaci\u00f3n por calor seco y otros usos en laboratorios qu\u00edmicos.<\/p>\n<p><strong>Forma de Distribuci\u00f3n del calor: <\/strong>Aire forzado<\/p>\n<p><strong>Caracter\u00edsticas T\u00e9cnicas<\/strong><\/p>\n<ul>\n<li>Rangos de temperaturas: TA + 5\u00baC &#8211; 100\u00baC o 90\u00baC-200\u00baC.<\/li>\n<li>Precisi\u00f3n +\/- 0.5\u00b0C\u00a0en el sensor. Estimada 1.5 del valor final de T\u00ba.<\/li>\n<li>Indicadores lum\u00ednicos de funcionamiento.<\/li>\n<li>Interruptor de corte de funcionamiento.<\/li>\n<li>Puerta con cierre con traba y burlete siliconado en el contramarco.<\/li>\n<li>Termorregulador tipo Electr\u00f3nico Digital.<\/li>\n<li>Incluye Term\u00f3metro incorporado al termorregulador.<\/li>\n<li>Porta term\u00f3metro.<\/li>\n<\/ul>\n<p><strong>Opcionales<\/strong><\/p>\n<p>Puerta de Vidrio, Estantes y\/o Timer electr\u00f3nico de hasta 300hs.<\/p>\n<table border=\"0\" width=\"100%\" cellpadding=\"0\">\n<tbody>\n<tr>\n<th style=\"padding: 10px;\" colspan=\"2\" scope=\"col\" align=\"left\" bgcolor=\"#114174\"><strong style=\"color: #fff;\">CARACTER\u00cdSTICAS T\u00c9CNICAS SEG\u00daN TAMA\u00d1O<\/strong><\/th>\n<\/tr>\n<tr>\n<td style=\"padding: 10px;\"><strong>UIF343<\/strong><\/p>\n<ul>\n<li>Medidas Internas:\u00a030 x 40 x 30 cm &#8211; Alto x Ancho x Profundidad<\/li>\n<li>Medidas Externas:\u00a060 x 80 x 40 cm \u2013 Alto x Ancho x Profundidad<\/li>\n<li>Capacidad:\u00a036 Lts.<\/li>\n<li>Capacidad de Estantes: 4, incluye 1 tipo rejilla<\/li>\n<li>Peso:\u00a043 Kg.<\/li>\n<li>Potencia:\u00a0900 W<\/li>\n<\/ul>\n<\/td>\n<td style=\"padding: 10px;\"><strong>UIF464<\/strong><\/p>\n<ul>\n<li>Medidas Internas:\u00a040 x 60 x 40 cm &#8211; Alto x Ancho x Profundidad<\/li>\n<li>Medidas Externas:\u00a070 x 100 x 50 cm \u2013 Alto x Ancho x Profundidad<\/li>\n<li>Capacidad:\u00a096 Lts.<\/li>\n<li>Capacidad de Estantes: 5, incluye 1 tipo rejilla<\/li>\n<li>Peso:\u00a062 Kg.<\/li>\n<li>Potencia:\u00a01300 W<\/li>\n<\/ul>\n<\/td>\n<\/tr>\n<tr>\n<td style=\"padding: 10px;\"><strong>UIF575<\/strong><\/p>\n<ul>\n<li>Medidas Internas:\u00a050 x 70 x 50 cm &#8211; Alto x Ancho x Profundidad<\/li>\n<li>Medidas Externas:\u00a080 x 108 x 60 cm \u2013 Alto x Ancho x Profundidad<\/li>\n<li>Capacidad:\u00a0175 Lts.<\/li>\n<li>Capacidad de Estantes: 6, incluye 1 tipo rejilla<\/li>\n<li>Peso:\u00a080 Kg.<\/li>\n<li>Potencia:\u00a01600 W<\/li>\n<\/ul>\n<\/td>\n<td style=\"padding: 10px;\"><strong>UIF797<\/strong><\/p>\n<ul>\n<li>Medidas Internas:\u00a070 x 90 x 70 cm &#8211; Alto x Ancho x Profundidad<\/li>\n<li>Medidas Externas:\u00a095 x 128 x 85 cm \u2013 Alto x Ancho x Profundidad<\/li>\n<li>Capacidad:\u00a0441 Lts.<\/li>\n<li>Capacidad de Estantes: 10, incluye 1 tipo rejilla<\/li>\n<li>Peso:\u00a0120 Kg.<\/li>\n<li>Potencia:\u00a03300 W<\/li>\n<\/ul>\n<\/td>\n<\/tr>\n<\/tbody>\n<\/table>\n<p><strong>Gabinete Externo<\/strong><\/p>\n<p>Chapa Hierro Doble Decapado de importante espesor (muy s\u00f3lido) con tratamiento anticorrosivo y antioxidante, esmaltado con pintura poli\u00e9ster en polvo con resina antibacterial (Norma ISO 14001 de gesti\u00f3n ambiental).<br \/>\nGabinetes dotados con c\u00e1mara independiente, dimensionada para facilitar el montaje de todo tipo de instrumentos para la regulaci\u00f3n y control.<br \/>\nAdmisi\u00f3n de aire exterior regulable a trav\u00e9s de trampilla de ventilaci\u00f3n con conducto de salida.<\/p>\n<p><strong>C\u00e1mara Interna<\/strong><\/p>\n<p>Chapa acero inoxidable 18\/8 &#8211; AISI 430 de importante espesor (muy s\u00f3lido).<br \/>\n\u00danico, sistema de doble pared interior permite homogeneizar y estabilizar m\u00e1s r\u00e1pidamente la c\u00e1mara de trabajo por el precalentamiento del aire.<br \/>\nC\u00e1mara de precalentamiento en acero inoxidable AISI 430.<br \/>\nElementos calefactores blindados en acero inoxidable, distribuidos homog\u00e9neamente y montados al aire.<\/p>\n<p><strong>Grupo motor ventilador para la circulaci\u00f3n forzada de aire.\u00a0<\/strong><\/p>\n<p><strong>Esquema del sistema de la circulaci\u00f3n forzada de aire que se proyecta homog\u00e9neamente desde la c\u00e1mara de precalentamiento, donde est\u00e1n situados los elementos calefactores, al recinto interior de trabajo.<br \/>\nC\u00e1mara independiente para los elementos de regulaci\u00f3n y control. El aire es distribuido en forma balanceada y homog\u00e9nea por turbinas tipo SIROCCO.<\/strong><\/p>\n<p>Excelente\u00a0<strong>sistema de aislamiento<\/strong>\u00a0que permite lograr una \u00f3ptima relaci\u00f3n entre capacidad calor\u00edfica y consumo, limitando como ninguna otra la temperatura externa del equipo.<\/p>\n<p>Sistema conformado por:<\/p>\n<ul>\n<li>Lana mineral de alta densidad<\/li>\n<li>C\u00e1mara de aire<\/li>\n<li>Burlete siliconado con dispositivo flexible que aporta elasticidad en el ajuste de la contrapuerta.<\/li>\n<li>Puerta con traba permite el cierre herm\u00e9tico.<\/li>\n<\/ul>\n<p>El\u00a0<strong>Sistema el\u00e9ctrico<\/strong>\u00a0cumple con los est\u00e1ndares exigidos por las normas IEC 60335 e IRAM 2092<\/p>\n<p><strong>Elementos calefactores<\/strong> blindados en Acero Inoxidable montados al aire en c\u00e1mara independiente que permiten obtener una distribuci\u00f3n uniforme de la temperatura y una r\u00e1pida estabilizaci\u00f3n.<\/p>\n","protected":false},"excerpt":{"rendered":"<ul>\n<li>Rangos de temperaturas: TA + 5\u00baC &#8211; 100\u00baC o 90\u00baC-200\u00baC.<\/li>\n<li>Precisi\u00f3n +\/- 0.5\u00b0C\u00a0en el sensor. Estimada 1.5 del valor final de T\u00ba.<\/li>\n<li>Indicadores lum\u00ednicos de funcionamiento.<\/li>\n<li>Interruptor de corte de funcionamiento.<\/li>\n<li>Puerta con cierre con traba y burlete siliconado en el contramarco.<\/li>\n<li>Termorregulador tipo Electr\u00f3nico Digital.<\/li>\n<li>Incluye Term\u00f3metro incorporado al termorregulador.<\/li>\n<li>Porta term\u00f3metro.<\/li>\n<\/ul>\n","protected":false},"featured_media":563,"template":"","meta":[],"product_brand":[],"product_cat":[21],"product_tag":[],"class_list":{"0":"post-562","1":"product","2":"type-product","3":"status-publish","4":"has-post-thumbnail","6":"product_cat-estufas-universales-aire-forzado","8":"first","9":"instock","10":"featured","11":"shipping-taxable","12":"product-type-simple"},"_links":{"self":[{"href":"https:\/\/ojalvosa.com.ar\/web\/wp-json\/wp\/v2\/product\/562","targetHints":{"allow":["GET"]}}],"collection":[{"href":"https:\/\/ojalvosa.com.ar\/web\/wp-json\/wp\/v2\/product"}],"about":[{"href":"https:\/\/ojalvosa.com.ar\/web\/wp-json\/wp\/v2\/types\/product"}],"wp:featuredmedia":[{"embeddable":true,"href":"https:\/\/ojalvosa.com.ar\/web\/wp-json\/wp\/v2\/media\/563"}],"wp:attachment":[{"href":"https:\/\/ojalvosa.com.ar\/web\/wp-json\/wp\/v2\/media?parent=562"}],"wp:term":[{"taxonomy":"product_brand","embeddable":true,"href":"https:\/\/ojalvosa.com.ar\/web\/wp-json\/wp\/v2\/product_brand?post=562"},{"taxonomy":"product_cat","embeddable":true,"href":"https:\/\/ojalvosa.com.ar\/web\/wp-json\/wp\/v2\/product_cat?post=562"},{"taxonomy":"product_tag","embeddable":true,"href":"https:\/\/ojalvosa.com.ar\/web\/wp-json\/wp\/v2\/product_tag?post=562"}],"curies":[{"name":"wp","href":"https:\/\/api.w.org\/{rel}","templated":true}]}}